31443?
1
What is the thousands digit of 165169?
5
What is the tens digit of 81129?
2
What is the ten thousands digit of 34004821?
0
What is the ten thousands digit of 66096?
6
What is the tens digit of 1933010?
1
What is the hundred thousands digit of 212366?
2
What is the hundred thousands digit of 23787468?
7
What is the millions digit of 10327567?
0
What is the ten thousands digit of 326061?
2
What is the hundreds digit of 19963437?
4
What is the tens digit of 6399331?
3
What is the tens digit of 958509?
0
What is the ten thousands digit of 1646473?
4
What is the thousands digit of 202189?
2
What is the hundred thousands digit of 816416?
8
What is the thousands digit of 285858?
5
What is the hundreds digit of 2767170?
1
What is the ten thousands digit of 1795629?
9
What is the hundred thousands digit of 8967847?
9
What is the hundred thousands digit of 1459149?
4
What is the units digit of 1358122?
2
What is the millions digit of 13756304?
3
What is the ten thousands digit of 19406361?
0
What is the thousands digit of 156437?
6
What is the hundreds digit of 1014829?
8
What is the hundreds digit of 515543?
5
What is the hundred thousands digit of 273404?
2
What is the ten millions digit of 14447238?
1
What is the tens digit of 1683520?
2
What is the hundred thousands digit of 1632897?
6
What is the millions digit of 1981877?
1
What is the tens digit of 380756?
5
What is the hundreds digit of 728571?
5
What is the thousands digit of 255704?
5
What is the units digit of 5274474?
4
What is the hundreds digit of 254529?
5
What is the millions digit of 2079444?
2
What is the hundreds digit of 8372803?
8
What is the ten thousands digit of 31080886?
8
What is the hundreds digit of 3905667?
6
What is the hundreds digit of 18338900?
9
What is the ten thousands digit of 1577748?
7
What is the millions digit of 1036655?
1
What is the units digit of 267093?
3
What is the units digit of 140237?
7
What is the hundreds digit of 23446973?
9
What is the thousands digit of 220735?
0
What is the units digit of 4579412?
2
What is the hundreds digit of 819770?
7
What is the hundred thousands digit of 7971906?
9
What is the ten millions digit of 11321330?
1
What is the thousands digit of 886715?
6
What is the hundred thousands digit of 2581816?
5
What is the hundred thousands digit of 641330?
6
What is the ten thousands digit of 3182767?
8
What is the millions digit of 3746453?
3
What is the ten millions digit of 20533864?
2
What is the millions digit of 1240324?
1
What is the tens digit of 1923169?
6
What is the thousands digit of 2438648?
8
What is the hundred thousands digit of 695488?
6
What is the ten thousands digit of 1729382?
2
What is the ten thousands digit of 114474?
1
What is the units digit of 11738618?
8
What is the thousands digit of 5010216?
0
What is the hundreds digit of 25462132?
1
What is the units digit of 935904?
4
What is the tens digit of 923324?
2
What is the tens digit of 2824055?
5
What is the millions digit of 20093758?
0
What is the millions digit of 3621125?
3
What is the units digit of 696652?
2
What is the units digit of 16359856?
6
What is the units digit of 1620384?
4
What is the ten thousands digit of 4438594?
3
What is the units digit of 17746878?
8
What is the ten thousands digit of 374723?
7
What is the thousands digit of 2748223?
8
What is the thousands digit of 6106290?
6
What is the hundreds digit of 25527881?
8
What is the hundred thousands digit of 902441?
9
What is the ten thousands digit of 2473126?
7
What is the hundred thousands digit of 7479741?
4
What is the ten thousands digit of 186479?
8
What is the hundred thousands digit of 12368091?
3
What is the ten thousands digit of 84770?
8
What is the hundred thousands digit of 109957?
1
What is the hundred thousands digit of 374923?
3
What is the millions digit of 9947592?
9
What is the hundred thousands digit of 344801?
3
What is the tens digit of 5075368?
6
What is the tens digit of 1185138?
3
What is the hundreds digit of 231900?
9
What is the hundred thousands digit of 13974403?
9
What is the millions digit of 3228404?
3
What is the tens digit of 3263964?
6
What is the units digit of 9554889?
9
What is the hundred thousands digit of 11534373?
5
What is the hundreds digit of 3006854?
8
What is the tens digit of 342174?
7
What is the ten millions digit of 14883433?
1
What is the hundred thousands digit of 773292?
7
What is the ten thousands digit of 4769870?
6
What is the thousands digit of 3118438?
8
What is the millions digit of 5057093?
5
What is the ten thousands digit of 71511?
7
What is the thousands digit of 1613990?
3
What is the ten thousands digit of 235865?
3
What is the hundreds digit of 3206215?
2
What is the units digit of 746858?
8
What is the thousands digit of 203175?
3
What is the hundred thousands digit of 184322?
1
What is the thousands digit of 18673311?
3
What is the tens digit of 627552?
5
What is the hundreds digit of 16301377?
3
What is the ten thousands digit of 40445?
4
What is the hundreds digit of 76136?
1
What is the ten thousands digit of 40140?
4
What is the tens digit of 966111?
1
What is the hundred thousands digit of 9940942?
9
What is the tens digit of 24393850?
5
What is the units digit of 3351779?
9
What is the hundreds digit of 7115936?
9
What is the tens digit of 217896?
9
What is the hundreds digit of 1287652?
6
What is the units digit of 363968?
8
What is the tens digit of 3724779?
7
What is the tens digit of 874478?
7
What is the tens digit of 1895729?
2
What is the tens digit of 26753282?
8
What is the ten thousands digit of 2725273?
2
What is the millions digit of 3307223?
3
What is the thousands digit of 14250973?
0
What is the hundred thousands digit of 5289709?
2
What is the ten thousands digit of 8074588?
7
What is the hundred thousands digit of 5706631?
7
What is the units digit of 190321?
1
What is the hundreds digit of 11242081?
0
What is the tens digit of 1680187?
8
What is the units digit of 14824488?
8
What is the hundreds digit of 34893401?
4
What is the thousands digit of 5317496?
7
What is the tens digit of 182071?
7
What is the ten millions digit of 11994109?
1
What is the units digit of 539192?
2
What is the hundreds digit of 7257162?
1
What is the hundred thousands digit of 18598970?
5
What is the thousands digit of 315662?
5
What is the thousands digit of 419951?
9
What is the units digit of 9000902?
2
What is the hundreds digit of 61124?
1
What is the ten thousands digit of 25067351?
6
What is the ten thousands digit of 23079261?
7
What is the thousands digit of 1831809?
1
What is the tens digit of 49054?
5
What is the hundreds digit of 51923?
9
What is the units digit of 240535?
5
What is the hundred thousands digit of 812426?
8
What is the tens digit of 976723?
2
What is the units digit of 954382?
2
What is the ten millions digit of 11140560?
1
What is the units digit of 598010?
0
What is the hundreds digit of 755112?
1
What is the millions digit of 2435120?
2
What is the hundreds digit of 2393106?
1
What is the hundreds digit of 164851?
8
What is the units digit of 1701748?
8
What is the hundreds digit of 508228?
2
What is the tens digit of 73758?
5
What is the hundreds digit of 5249682?
6
What is the millions digit of 3497063?
3
What is the units digit of 6286681?
1
What is the millions digit of 1935326?
1
What is the ten thousands digit of 170756?
7
What is the hundreds digit of 15474857?
8
What is the units digit of 290470?
0
What is the hundreds digit of 64527?
5
What is the thousands digit of 49113?
9
What is the thousands digit of 646984?
6
What is the millions digit of 4902986?
4
What is the tens digit of 156497?
9
What is the units digit of 4078259?
9
What is the ten millions digit of 17091336?
1
What is the units digit of 438334?
4
What is the millions digit of 8474019?
8
What is the units digit of 3524293?
3
What is the tens digit of 314042?
4
What is the thousands digit of 74641?
4
What is the hundreds digit of 86874?
8
What is the hundred thousands digit of 34644463?
6
What is the tens digit of 1904770?
7
What is the units digit of 394879?
9
What is the tens digit of 1886494?
9
What is the units digit of 641?
1
What is the units digit of 696650?
0
What is the hundreds digit of 334025?
0